hest common divisor of 432 and 1104.
48
What is the highest common factor of 429 and 8385?
39
Calculate the highest common divisor of 133 and 577087.
133
Calculate the greatest common divisor of 5670 and 17325.
315
What is the highest common factor of 969 and 1824?
57
What is the highest common divisor of 30344 and 24?
8
Calculate the highest common divisor of 40 and 2752.
8
What is the greatest common factor of 1528 and 152?
8
Calculate the highest common factor of 187 and 45016.
17
What is the highest common factor of 544 and 174148?
68
What is the highest common factor of 510 and 9616390?
170
Calculate the highest common factor of 340676 and 46.
46
What is the highest common factor of 1047 and 312?
3
What is the greatest common divisor of 202295 and 5?
5
Calculate the highest common divisor of 3349 and 240143.
197
What is the greatest common divisor of 3133 and 39765?
241
Calculate the greatest common factor of 22 and 1661726.
22
Calculate the greatest common divisor of 47298 and 78.
6
Calculate the highest common factor of 31 and 16926.
31
Calculate the greatest common divisor of 22 and 40674.
2
What is the greatest common divisor of 57940 and 20?
20
What is the highest common divisor of 987 and 32242?
329
Calculate the greatest common factor of 72 and 2269224.
72
What is the highest common factor of 3051 and 98988?
339
Calculate the highest common divisor of 228 and 18264.
12
Calculate the highest common divisor of 1368 and 28008.
72
What is the greatest common divisor of 1258 and 1998?
74
Calculate the highest common divisor of 41251 and 332.
83
Calculate the highest common divisor of 7 and 523117.
7
What is the greatest common factor of 12732 and 140?
4
Calculate the greatest common factor of 360 and 566120.
40
Calculate the greatest common divisor of 11 and 917653.
11
Calculate the highest common divisor of 14641 and 17061.
121
What is the highest common factor of 52 and 488644?
52
Calculate the highest common divisor of 534 and 8633.
89
What is the greatest common divisor of 154 and 5005?
77
Calculate the highest common divisor of 21137 and 299.
23
What is the greatest common factor of 2046 and 54901?
341
What is the highest common factor of 1745 and 551071?
349
What is the highest common divisor of 755671 and 2583?
287
Calculate the greatest common factor of 11898 and 5850.
18
What is the greatest common factor of 22225 and 700?
175
Calculate the greatest common factor of 1231679 and 278.
139
Calculate the greatest common factor of 25 and 211.
1
What is the greatest common divisor of 14288 and 46624?
752
What is the highest common divisor of 806 and 1014?
26
What is the highest common divisor of 2350 and 9550?
50
What is the greatest common divisor of 5464 and 12018068?
2732
What is the highest common divisor of 2411273 and 31?
31
Calculate the greatest common divisor of 74 and 91094.
74
Calculate the highest common factor of 760 and 2547140.
380
What is the highest common factor of 1058872 and 16?
8
What is the highest common divisor of 469166 and 17?
17
What is the highest common factor of 36 and 2331?
9
What is the greatest common factor of 14351 and 1243?
113
Calculate the highest common divisor of 960 and 16880.
80
Calculate the greatest common factor of 778 and 160.
2
What is the highest common divisor of 2 and 3717?
1
Calculate the greatest common divisor of 5595 and 1380.
15
Calculate the greatest common factor of 3993 and 22308.
33
What is the greatest common factor of 2758 and 76272?
14
Calculate the highest common factor of 15785 and 3465.
385
Calculate the greatest common divisor of 262249 and 52.
13
What is the greatest common factor of 88 and 28?
4
What is the highest common divisor of 63 and 33159?
21
Calculate the greatest common factor of 16587 and 855.
171
Calculate the greatest common divisor of 88240 and 80.
80
Calculate the greatest common divisor of 648 and 19035.
81
What is the highest common factor of 84911 and 7011?
779
What is the highest common factor of 303 and 404?
101
What is the highest common divisor of 459 and 380936?
17
What is the highest common divisor of 4876 and 11132?
92
What is the highest common factor of 6552695 and 87?
29
What is the greatest common factor of 280 and 6286?
14
Calculate the highest common factor of 84087 and 108.
9
Calculate the highest common factor of 837 and 9693.
27
Calculate the greatest common factor of 13945950 and 75.
75
What is the greatest common divisor of 10425 and 450?
75
Calculate the greatest common divisor of 1390223 and 2517.
839
Calculate the highest common divisor of 1064 and 1232.
56
Calculate the greatest common factor of 5632 and 66304.
256
Calculate the highest common factor of 17 and 3034738.
17
Calculate the highest common divisor of 1205 and 2323481.
241
What is the highest common divisor of 140 and 7651?
7
Calculate the highest common factor of 510 and 54655.
85
What is the greatest common factor of 339972 and 24?
12
What is the highest common divisor of 55146 and 1974?
42
What is the highest common divisor of 70301 and 14?
7
Calculate the greatest common factor of 184 and 1272728.
184
Calculate the highest common divisor of 108000 and 120.
120
Calculate the highest common divisor of 310629 and 11.
11
What is the highest common divisor of 3122 and 30997?
223
What is the greatest common factor of 238 and 133?
7
Calculate the highest common divisor of 173 and 6401.
173
What is the greatest common factor of 10898851 and 178?
89
Calculate the greatest common factor of 878301 and 207.
207
What is the highest common factor of 3844 and 11749?
31
What is the highest common factor of 62 and 119598?
62
Calculate the highest common divisor of 207 and 2599.
23
Calculate the highest common factor of 7 and 8603.
7
What is the greatest common divisor of 2226 and 1590?
318
What is the highest common divisor of 22 and 862202?
22
What is the highest common divisor of 8024 and 2924?
68
Calculate the highest common factor of 243 and 692793.
243
What is the greatest common factor of 160 and 254240?
160
Calculate the greatest common factor of 29164 and 5198.
46
What is the highest common divisor of 570 and 304912?
38
Calculate the highest common factor of 486 and 25434.
162
Calculate the highest common divisor of 8255 and 287528.
127
What is the greatest common factor of 117375 and 58500?
375
Calculate the greatest common factor of 28 and 35966.
14
Calculate the greatest common factor of 5412 and 1056.
132
What is the highest common factor of 156 and 41994?
6
Calculate the greatest common divisor of 19285 and 401660.
665
Calculate the highest common factor of 5961692 and 22.
22
What is the highest common divisor of 395637 and 76?
19
Calculate the highest common divisor of 24 and 17058.
6
Calculate the greatest common divisor of 736 and 165416.
184
Calculate the highest common divisor of 45241 and 161.
161
What is the greatest common factor of 1397 and 21590?
127
What is the highest common factor of 28892 and 62?
62
Calculate the highest common divisor of 123 and 14955.
3
What is the highest common factor of 407328 and 192?
96
Calculate the highest common divisor of 86866 and 3598.
514
Calculate the greatest common factor of 2760 and 199640.
920
What is the highest common divisor of 22 and 359953?
11
Calculate the greatest common divisor of 35772 and 1716.
132
Calculate the greatest common divisor of 38 and 212382.
38
Calculate the highest common factor of 5770080 and 72.
72
What is the highest common divisor of 1515 and 20670?
15
What is the greatest common factor of 2640 and 93645?
15
Calculate the greatest common factor of 1855 and 455.
35
Calculate the highest common factor of 4913810 and 655.
655
Calculate the highest common factor of 620 and 1690.
10
Calculate the greatest common factor of 3135312 and 576.
144
What is the greatest common divisor of 50679 and 108?
27
Calculate the highest common factor of 3 and 169749.
3
Calculate the highest common divisor of 1317 and 44339.
439
What is the greatest common divisor of 152541 and 9?
9
Calculate the greatest common divisor of 21 and 66513.
3
What is the highest common divisor of 10 and 1695930?
10
Calculate the highest common divisor of 176 and 155952.
16
Calculate the highest common factor of 9576 and 3304.
56
Ca